{"id":85,"date":"2011-09-28T05:16:24","date_gmt":"2011-09-28T05:16:24","guid":{"rendered":"http:\/\/das-s-wort.de\/?page_id=85"},"modified":"2019-10-27T08:24:38","modified_gmt":"2019-10-27T08:24:38","slug":"uber-die-autorin","status":"publish","type":"page","link":"http:\/\/das-s-wort.de\/?page_id=85","title":{"rendered":"\u00dcber die Autorin"},"content":{"rendered":"<p>Meine Eltern waren entsetzt. Das Kind, also ich, wollte pl\u00f6tzlich Jura studieren. &#8222;Aber du wolltest doch immer was Kreatives machen&#8220;, sagte meine Mutter. &#8222;Willst du nicht doch lieber auf die Filmhochschule, oder zum Theater? Oder wenigstens in einen Verlag&#8230;&#8220; Nein, wir sind kein K\u00fcnstlerhaushalt. Meine Eltern kannten mich einfach besser als ich mich selbst zu diesem Zeitpunkt. Ich habe das Falsche studiert (Jura), aus den richtigen Gr\u00fcnden (ein starkes Interesse an Werten, Ethik, (Rechts-)Philosophie.) Und ich habe es durchgezogen, doch nach kurzer T\u00e4tigkeit als Anw\u00e4ltin habe ich umgesattelt und bin \u00dcbersetzerin geworden. Und irgendwann habe ich auch wieder angefangen zu schreiben&#8230;<\/p>\n<p>Was die Zahlen, Daten und Fakten betrifft: ich bin 1973 geboren, lebe und arbeite in Regensburg. Ich teile mein Leben mit meinem britischen Freund, Liebhaber und Kritiker und mit zwei wundervollen Hunden. Ich bin Vegetarierin, kinderfrei, b\u00fccher- und schokoladens\u00fcchtig und habe vor langer Zeit mein Herz an San Francisco verloren.<\/p>\n","protected":false},"excerpt":{"rendered":"<p>Meine Eltern waren entsetzt. Das Kind, also ich, wollte pl\u00f6tzlich Jura studieren. &#8222;Aber du wolltest doch immer was Kreatives machen&#8220;, sagte meine Mutter. &#8222;Willst du nicht doch lieber auf die Filmhochschule, oder zum Theater? Oder wenigstens in einen Verlag&#8230;&#8220; Nein, wir sind kein K\u00fcnstlerhaushalt. Meine Eltern kannten mich einfach besser als ich mich selbst zu [&hellip;]<\/p>\n","protected":false},"author":1,"featured_media":0,"parent":0,"menu_order":0,"comment_status":"closed","ping_status":"open","template":"","meta":{"footnotes":""},"class_list":["post-85","page","type-page","status-publish","hentry"],"_links":{"self":[{"href":"http:\/\/das-s-wort.de\/index.php?rest_route=\/wp\/v2\/pages\/85","targetHints":{"allow":["GET"]}}],"collection":[{"href":"http:\/\/das-s-wort.de\/index.php?rest_route=\/wp\/v2\/pages"}],"about":[{"href":"http:\/\/das-s-wort.de\/index.php?rest_route=\/wp\/v2\/types\/page"}],"author":[{"embeddable":true,"href":"http:\/\/das-s-wort.de\/index.php?rest_route=\/wp\/v2\/users\/1"}],"replies":[{"embeddable":true,"href":"http:\/\/das-s-wort.de\/index.php?rest_route=%2Fwp%2Fv2%2Fcomments&post=85"}],"version-history":[{"count":1,"href":"http:\/\/das-s-wort.de\/index.php?rest_route=\/wp\/v2\/pages\/85\/revisions"}],"predecessor-version":[{"id":225,"href":"http:\/\/das-s-wort.de\/index.php?rest_route=\/wp\/v2\/pages\/85\/revisions\/225"}],"wp:attachment":[{"href":"http:\/\/das-s-wort.de\/index.php?rest_route=%2Fwp%2Fv2%2Fmedia&parent=85"}],"curies":[{"name":"wp","href":"https:\/\/api.w.org\/{rel}","templated":true}]}}